d b.
2
Suppose 16 = 4*s, -s - 34 = -2*d - 6*s. Suppose 3*c + 0*c = 21. What is the greatest common divisor of d and c?
7
Let y be (-2 - -3)/(1/273). Let c = y - 119. Let i(l) = -5*l - 6. Let z be i(-4). Calculate the highest common factor of z and c.
14
Suppose 2*h - 3*h + 26 = 5*a, -2*a = 5*h - 176. Suppose 2 - 3 = l. Let v be (2/5)/(l/(-30)). Calculate the highest common factor of v and h.
12
Suppose 0*v + 228 = 3*v. Let d = 186 - v. Let r = -35 - -45. Calculate the greatest common factor of d and r.
10
Let u be (-5 - -15)/(2/(-3)). Let p = 25 + u. What is the greatest common divisor of p and 20?
10
Let c = -7 + 11. Suppose 0 = -c*h - 0*h + 36. Calculate the highest common factor of 99 and h.
9
Let s be 17 - 1*(0 + 1). Let f(w) = -5*w**2 + 4*w - 4. Let d be f(-4). Let n be d*-3*2/15. What is the greatest common factor of s and n?
8
Let r be (-3)/((-3)/2) - (-7 - 43). What is the greatest common factor of 208 and r?
52
Let a = 10 - 7. Suppose -6 = a*m + 6. Let p be m/(-3)*(19 - 4). Calculate the highest common factor of 5 and p.
5
Suppose 3*b - 2*m = 14, 0 = 4*b + 5*m - 0*m + 12. Suppose 0 = -0*g - 2*g - 4*p + 48, -b*p + 56 = 3*g. Calculate the highest common divisor of 2 and g.
2
Suppose -4*a - 132 = -3*l, -3*a = -5*l + 181 + 39. Suppose 3*p - l - 52 = 0. What is the greatest common divisor of p and 4?
4
Suppose -10*j - 19*j = -261. Suppose -16 = -2*q + 6. Let m = q + -8. Calculate the greatest common factor of j and m.
3
Let l be 126/(-4)*12/(-21). Calculate the greatest common factor of 27 and l.
9
Let k = -1 + 6. Suppose q + 25 = -k. Let c = 9 - q. Calculate the greatest common factor of 26 and c.
13
Let l(m) = m + 12. Let c be l(-9). Let b be (24/c*-7)/(-1). Let r(k) = k**3 - 5*k**2 - 4*k - 4. Let d be r(6). Calculate the greatest common divisor of b and d.
8
Suppose 0 = 5*y - 4*t - 203, y + 2*t + 199 = 6*y. Let v = y - 28. Calculate the greatest common factor of v and 88.
11
Let u be (6/2)/((-2)/(-34)). Let h be 1*16 + 3 + 20/(-10). Calculate the highest common factor of u and h.
17
Let j be (-1)/1 - (1 + -8). Suppose 41 = 3*t - 4. Suppose s = -4*s + t. Calculate the highest common factor of j and s.
3
Let u(f) = -f - 1 + f - 8*f + 3*f**2 - 2*f**2. Let x(g) = -6*g - 1. Let b be x(-2). Let q be u(b). What is the greatest common factor of q and 8?
8
Suppose 63 = 13*y - 28. Calculate the highest common factor of y and 1.
1
Suppose 98 = -6*n + 494. Calculate the highest common divisor of n and 22.
22
Let h(j) = -9*j + 2. Let z be h(-2). Suppose 0 = -3*n + 2*g - 7, -4*n - g + 4 - 17 = 0. Let x = n - -13. What is the highest common factor of z and x?
10
Suppose -4*d + 3*u = -u - 284, -u + 154 = 2*d. Calculate the highest common divisor of 25 and d.
25
Let u = 12 - 10. Suppose -15 = x + 2*x, u*v - 207 = 3*x. Calculate the highest common divisor of 24 and v.
24
Let i(b) = -b**3 + 7*b**2 - 7*b + 7. Let s be i(6). Let h be (0/2 + 8)*1. Calculate the highest common factor of s and h.
1
Let r be (18/(-15))/(2572/(-640) + 4). Calculate the highest common divisor of r and 80.
16
Let v be ((-32)/3)/((-4)/6). What is the greatest common divisor of 128 and v?
16
Let b = 525 - 363. Calculate the greatest common divisor of 6 and b.
6
Let l be (-52)/10*30/(-12). Let c(u) = 2*u**2 + u - 1. Let g be c(-6). Calculate the greatest common factor of l and g.
13
Let n(k) = 3*k + 12. Let d be n(-2). What is the greatest common factor of d and 6?
6
Let w(t) = -t**2 + 7*t - 6. Let u be w(5). Suppose 0*r - 3*r + f + 8 = 0, -2*r - 8 = -u*f. Calculate the highest common factor of 20 and r.
4
Let d(q) = -2*q**3 + 2*q**2 - 2. Let k be d(-3). Suppose -4*f - f - 10 = p, -3*p - k = -5*f. Let m = p + 36. What is the greatest common factor of m and 112?
16
Let g be (132/(-8))/3*-8. What is the greatest common factor of 11 and g?
11
Let f be 449/5 - (-9)/45. What is the greatest common divisor of f and 36?
18
Let c be (-6)/4*242/(-11). Suppose 13*t - c = 10*t. Calculate the highest common divisor of t and 33.
11
Let v(m) = m**2 + 7*m - 6. Let c be v(-9). Suppose 0 = -4*w - 4*r + c, 6*w - w - 27 = -r. What is the greatest common factor of 54 and w?
6
Suppose -u = -4*u + 117. What is the highest common factor of 26 and u?
13
Suppose j + 24 - 93 = 0. What is the greatest common divisor of 23 and j?
23
Suppose 106 = 5*l - 4*z + 41, -3*z = -3*l + 42. Let y be 70/8 - (-3)/12. What is the greatest common factor of l and y?
9
Let z = -4 + 4. Suppose z = b + b - 180. Suppose -3*l - 26 + 80 = 0. What is the highest common factor of b and l?
18
Let d be ((-15)/4)/(6/(-176)). Calculate the greatest common divisor of 10 and d.
10
Let g(w) = 4*w**2 - 4*w**2 + 3*w - 1 + w**2. Let l be g(-4). Suppose -4*k + l + 33 = -p, 4*p - 16 = 0. Calculate the highest common divisor of 15 and k.
5
Let v(u) = -u - 3. Suppose 4*d + 5*t - 4 + 22 = 0, -3*d - 23 = -t. Let z be v(d). What is the greatest common factor of z and 2?
2
Suppose -3*a + 49 + 14 = h, -4*a + 91 = -h. Calculate the greatest common divisor of 99 and a.
11
Let l = -41 + 57. Let w = -5 + 2. Let g(i) = -5*i**3 + i**2 - i - 3. Let j be g(w). Calculate the greatest common factor of j and l.
16
Let p = 3 - 12. Let t be ((-330)/p)/((-4)/(-18)). Let c(w) = -w**2 - 10*w - 9. Let v be c(-6). Calculate the greatest common divisor of t and v.
15
Suppose -3*u + 0*u = 0. Suppose 4*y = -u*y + 484. Calculate the greatest common factor of y and 11.
11
Let u = -38 + 62. Suppose -3*y + 84 = u. What is the greatest common divisor of y and 20?
20
Let q be -1 - (-4 + -1 + 2). Let z(t) = t. Let h be z(q). Suppose -7*v + 55 = -h*v. Calculate the greatest common factor of 1 and v.
1
Let o be (-27)/2*2*-2. Suppose -4*y + 2*p = -o, 0*y - 43 = -3*y + 2*p. Let x be (-1064)/(-12) + 2/(-3). Calculate the highest common factor of y and x.
11
Let c(u) = 3 - 6 + 5 - 15*u. Let y be c(-2). Calculate the highest common factor of 8 and y.
8
Let x(k) = 4*k - 2. Let z be x(2). Suppose 10*n + 3 = 11*n. Suppose -n*q - q = 4*l - 220, 0 = 5*q - 5. Calculate the greatest common divisor of z and l.
6
Suppose 0 = -3*p + 4*p. Suppose -3*h - 2*h = 5*c - 45, -2*h + 10 = p. What is the greatest common factor of c and 4?
4
Suppose 2*l + 28 = 4*l. Let w be ((-45)/6)/(-5)*l. Suppose -8 - 1 = -3*n. What is the highest common factor of w and n?
3
Let n = 13 + 15. What is the greatest common factor of n and 14?
14
Let r = -42 + 48. Calculate the greatest common divisor of 4 and r.
2
Let u be ((-1)/(-2))/((-2)/(-312)). Suppose -2*b + 0*b = -u. What is the greatest common divisor of 26 and b?
13
Suppose -4*w - 43 + 135 = 0. Calculate the greatest common factor of w and 253.
23
Suppose 3*a - 41 = -d, -3*d + 0*a + 63 = -3*a. Calculate the highest common divisor of 52 and d.
26
Suppose -5*g - c = 262, 3*c + 3 = 12. Let u = g - -74. What is the greatest common factor of u and 3?
3
Suppose -4*n + 3*l - 4*l = -103, -l - 131 = -5*n. Let m be (182/28)/((-1)/(-10)). Calculate the greatest common factor of n and m.
13
Let a = 18 - 4. Let f = a + -9. Let m be (-4)/(-2) - 53/(-1). What is the greatest common divisor of f and m?
5
Suppose 9*f - 197 + 80 = 0. Suppose -5*j - 5 + 35 = 0. Let s be 1174/10 + j/(-15). Calculate the greatest common divisor of f and s.
13
Let y = 7 + -8. Let x be (-1)/y + 4 + -2. Let j be (-1)/((-7)/(-12))*-14. What is the highest common divisor of j and x?
3
Suppose -5*i + 105 = 4*y, 3*y + 4*i - i = 75. Calculate the highest common factor of 60 and y.
20
Let a(m) = -m**3 + 5*m**2 + 8*m + 10. Let o be a(5). Calculate the greatest common divisor of 40 and o.
10
Let s = -268 + 475. Calculate the highest common factor of 23 and s.
23
Let b = 89 + -39. What is the greatest common divisor of 25 and b?
25
Suppose -x - 2*z + 18 = -7, 4*x = 3*z + 144. Suppose 5*u + u = 18. Calculate the greatest common factor of x and u.
3
Let d = 19 - 27. Let y be (-33)/(-4) - d/(-32). Let h = 26 + -18. What is the greatest common factor of y and h?
8
Suppose -5*d + 2*u + 651 = -u, -5*u = -15. Suppose 4*q = d + 176. Calculate the greatest common divisor of 11 and q.
11
Let m(r) = 5*r + 14. Let l be m(2). Calculate the greatest common divisor of l and 6.
6
Let a(u) = u - 7. Let l be a(13). What is the greatest common factor of l and 2?
2
Let r be (-8)/2*27/(-9). What is the highest common divisor of 132